{"id":69,"date":"2024-01-27T05:13:37","date_gmt":"2024-01-27T04:13:37","guid":{"rendered":"https:\/\/dcsh.izt.uam.mx\/posgrado\/peo\/?page_id=69"},"modified":"2024-01-27T05:22:11","modified_gmt":"2024-01-27T04:22:11","slug":"historia","status":"publish","type":"page","link":"https:\/\/dcsh.izt.uam.mx\/posgrado\/peo\/index.php\/historia\/","title":{"rendered":"Historia"},"content":{"rendered":"\t\t<div data-elementor-type=\"wp-page\" data-elementor-id=\"69\" class=\"elementor elementor-69\">\n\t\t\t\t<div class=\"elementor-element elementor-element-6eda970 e-con-full e-flex e-con e-parent\" data-id=\"6eda970\" data-element_type=\"container\" data-e-type=\"container\">\n\t\t\t\t<div class=\"elementor-element elementor-element-82d3322 elementor-widget elementor-widget-heading\" data-id=\"82d3322\" data-element_type=\"widget\" data-e-type=\"widget\" data-widget_type=\"heading.default\">\n\t\t\t\t<div class=\"elementor-widget-container\">\n\t\t\t\t\t<h4 class=\"elementor-heading-title elementor-size-default\">HISTORIA DEL POSGRADO<\/h4>\t\t\t\t<\/div>\n\t\t\t\t<\/div>\n\t\t\t\t<\/div>\n\t\t<div class=\"elementor-element elementor-element-611885e e-con-full e-flex e-con e-parent\" data-id=\"611885e\" data-element_type=\"container\" data-e-type=\"container\">\n\t\t\t\t<div class=\"elementor-element elementor-element-fd69c7b elementor-widget elementor-widget-text-editor\" data-id=\"fd69c7b\" data-element_type=\"widget\" data-e-type=\"widget\" data-widget_type=\"text-editor.default\">\n\t\t\t\t<div class=\"elementor-widget-container\">\n\t\t\t\t\t\t\t\t\t<p class=\"text-justify\">En nuestro pa\u00eds en la d\u00e9cada de los noventa aparece el Estudio de las Organizaciones como perspectiva \u2013disciplinaria\u2013. En espec\u00edfico, en la Universidad Aut\u00f3noma Metropolitana Unidad Iztapalapa un grupo de acad\u00e9micos retomaron cr\u00edticamente planteamientos de la Teor\u00eda de la Organizaci\u00f3n para llevar a cabo distintos an\u00e1lisis distanciados de la perspectiva estructural funcionalista para revelar aspectos poco reconocidos de la realidad organizacional.<\/p><p class=\"text-justify\">Este campo de generaci\u00f3n de conocimiento, denominado Estudios Organizacionales, fue el punto de partida de lo que se convertir\u00eda en un programa de posgrado orientado en la formaci\u00f3n de profesionistas con habilidades para generar conocimientos y soluciones sobre problemas en todo tipo de organizaciones. Como es sabido, vivimos en una sociedad organizacional, es decir, en una sociedad compuesta por organizaciones y que funciona gracias a \u00e9stas. La perspectiva organizacional para el estudio de las organizaciones promovida por el Programa de Posgrado en Estudios Organizacionales (PPEO) de la UAMI, contribuye a un mejor entendimiento de dicha din\u00e1mica social.<\/p><p class=\"text-justify\">En ese sentido, a 23 a\u00f1os de haberse creado, uno de los mayores impactos del PPEO a nivel nacional es haber sentado las bases para el estudio de las organizaciones. En otras palabras, se establecieron las bases para el desarrollo de una postura disciplinaria antes inexistente en M\u00e9xico: la perspectiva organizacional del estudio de las organizaciones. En la historia del PEO se han forjado 13 generaciones de maestr\u00eda y 20 de doctorado. De ello resulta que han egresado 166 alumnos de maestr\u00eda y 217 de doctorado.<\/p>\t\t\t\t\t\t\t\t<\/div>\n\t\t\t\t<\/div>\n\t\t\t\t<div class=\"elementor-element elementor-element-79f6309 elementor-widget elementor-widget-text-editor\" data-id=\"79f6309\" data-element_type=\"widget\" data-e-type=\"widget\" data-widget_type=\"text-editor.default\">\n\t\t\t\t<div class=\"elementor-widget-container\">\n\t\t\t\t\t\t\t\t\t<p><span style=\"color: #000080;\"><strong>Memoria de los XV a\u00f1os del Posgrado en Estudios Organizacionales<\/strong><\/span><\/p><p><span style=\"color: #008000;\"><strong><a class=\"link\" style=\"color: #008000;\" href=\"https:\/\/dcsh.izt.uam.mx\/posgrado\/peo\/wp-content\/uploads\/2024\/01\/MemoriasXV.pdf\" target=\"_blank\" rel=\"noopener\">Descargar<\/a><\/strong><\/span><\/p>\t\t\t\t\t\t\t\t<\/div>\n\t\t\t\t<\/div>\n\t\t\t\t<div class=\"elementor-element elementor-element-c676fae elementor-widget elementor-widget-text-editor\" data-id=\"c676fae\" data-element_type=\"widget\" data-e-type=\"widget\" data-widget_type=\"text-editor.default\">\n\t\t\t\t<div class=\"elementor-widget-container\">\n\t\t\t\t\t\t\t\t\t<p><span style=\"color: #000080;\"><strong>Memoria de los X a\u00f1os del Posgrado en Estudios Organizacionales<\/strong><\/span><\/p><p><span style=\"color: #008000;\"><strong><a class=\"link\" style=\"color: #008000;\" href=\"https:\/\/dcsh.izt.uam.mx\/posgrado\/peo\/wp-content\/uploads\/2024\/01\/MemoriasX.pdf\" target=\"_blank\" rel=\"noopener\">Descargar<\/a><\/strong><\/span><\/p>\t\t\t\t\t\t\t\t<\/div>\n\t\t\t\t<\/div>\n\t\t\t\t<\/div>\n\t\t\t\t<\/div>\n\t\t","protected":false},"excerpt":{"rendered":"<p>HISTORIA DEL POSGRADO En nuestro pa\u00eds en la d\u00e9cada de los noventa aparece el Estudio de las Organizaciones como perspectiva \u2013disciplinaria\u2013. En espec\u00edfico, en la Universidad Aut\u00f3noma Metropolitana Unidad Iztapalapa un grupo de acad\u00e9micos retomaron cr\u00edticamente planteamientos de la Teor\u00eda de la Organizaci\u00f3n para llevar a cabo distintos an\u00e1lisis distanciados de la perspectiva estructural funcionalista [&hellip;]<\/p>\n","protected":false},"author":1,"featured_media":0,"parent":0,"menu_order":0,"comment_status":"closed","ping_status":"closed","template":"","meta":{"footnotes":""},"class_list":["post-69","page","type-page","status-publish","hentry"],"blocksy_meta":[],"_links":{"self":[{"href":"https:\/\/dcsh.izt.uam.mx\/posgrado\/peo\/index.php\/wp-json\/wp\/v2\/pages\/69","targetHints":{"allow":["GET"]}}],"collection":[{"href":"https:\/\/dcsh.izt.uam.mx\/posgrado\/peo\/index.php\/wp-json\/wp\/v2\/pages"}],"about":[{"href":"https:\/\/dcsh.izt.uam.mx\/posgrado\/peo\/index.php\/wp-json\/wp\/v2\/types\/page"}],"author":[{"embeddable":true,"href":"https:\/\/dcsh.izt.uam.mx\/posgrado\/peo\/index.php\/wp-json\/wp\/v2\/users\/1"}],"replies":[{"embeddable":true,"href":"https:\/\/dcsh.izt.uam.mx\/posgrado\/peo\/index.php\/wp-json\/wp\/v2\/comments?post=69"}],"version-history":[{"count":0,"href":"https:\/\/dcsh.izt.uam.mx\/posgrado\/peo\/index.php\/wp-json\/wp\/v2\/pages\/69\/revisions"}],"wp:attachment":[{"href":"https:\/\/dcsh.izt.uam.mx\/posgrado\/peo\/index.php\/wp-json\/wp\/v2\/media?parent=69"}],"curies":[{"name":"wp","href":"https:\/\/api.w.org\/{rel}","templated":true}]}}